{"id":270,"date":"2023-09-10T10:41:34","date_gmt":"2023-09-10T08:41:34","guid":{"rendered":"https:\/\/karinecottin.com\/?page_id=270"},"modified":"2023-09-19T22:13:07","modified_gmt":"2023-09-19T20:13:07","slug":"prets","status":"publish","type":"page","link":"https:\/\/karinecottin.com\/index.php\/prets\/","title":{"rendered":"Offer_prets"},"content":{"rendered":"<p><div class=\"fusion-fullwidth fullwidth-box fusion-builder-row-1 fusion-flex-container has-pattern-background has-mask-background hundred-percent-fullwidth non-hundred-percent-height-scrolling\" style=\"--awb-border-radius-top-left:0px;--awb-border-radius-top-right:0px;--awb-border-radius-bottom-right:0px;--awb-border-radius-bottom-left:0px;--awb-flex-wrap:wrap;\" ><div class=\"fusion-builder-row fusion-row fusion-flex-align-items-flex-start fusion-flex-justify-content-center fusion-flex-content-wrap\" style=\"width:104% !important;max-width:104% !important;margin-left: calc(-4% \/ 2 );margin-right: calc(-4% \/ 2 );\"><div class=\"fusion-layout-column fusion_builder_column fusion-builder-column-0 fusion_builder_column_2_3 2_3 fusion-flex-column\" style=\"--awb-bg-size:cover;--awb-width-large:66.666666666667%;--awb-margin-top-large:0px;--awb-spacing-right-large:2.88%;--awb-margin-bottom-large:20px;--awb-spacing-left-large:2.88%;--awb-width-medium:100%;--awb-order-medium:0;--awb-spacing-right-medium:1.92%;--awb-spacing-left-medium:1.92%;--awb-width-small:100%;--awb-order-small:0;--awb-spacing-right-small:1.92%;--awb-spacing-left-small:1.92%;\"><div class=\"fusion-column-wrapper fusion-column-has-shadow fusion-flex-justify-content-flex-start fusion-content-layout-column\"><div class=\"fusion-text fusion-text-1 fusion-text-no-margin\" style=\"--awb-font-size:30px;--awb-text-color:var(--awb-color3);--awb-margin-top:60px;--awb-margin-bottom:30px;--awb-margin-left:10px;--awb-text-font-family:&quot;omnes-semicond&quot;;--awb-text-font-style:normal;--awb-text-font-weight:700;\"><p>PRETS? \u2026<\/p>\n<p>UN MOUVEMENT DE RECUL POUR UNE VISION ECLAIREE<span class=\"Apple-converted-space\">&nbsp;<\/span><\/p>\n<\/div><\/div><\/div><\/div><\/div><div class=\"fusion-fullwidth fullwidth-box fusion-builder-row-2 fusion-flex-container has-pattern-background has-mask-background hundred-percent-fullwidth non-hundred-percent-height-scrolling\" style=\"--awb-border-radius-top-left:0px;--awb-border-radius-top-right:0px;--awb-border-radius-bottom-right:0px;--awb-border-radius-bottom-left:0px;--awb-flex-wrap:wrap;\" ><div class=\"fusion-builder-row fusion-row fusion-flex-align-items-flex-start fusion-flex-justify-content-center fusion-flex-content-wrap\" style=\"width:calc( 100% + 0px ) !important;max-width:calc( 100% + 0px ) !important;margin-left: calc(-0px \/ 2 );margin-right: calc(-0px \/ 2 );\"><div class=\"fusion-layout-column fusion_builder_column fusion-builder-column-1 fusion-flex-column\" style=\"--awb-bg-size:cover;--awb-width-large:22.22%;--awb-margin-top-large:0px;--awb-spacing-right-large:0;--awb-margin-bottom-large:20px;--awb-spacing-left-large:0;--awb-width-medium:100%;--awb-order-medium:0;--awb-spacing-right-medium:0;--awb-spacing-left-medium:0;--awb-width-small:100%;--awb-order-small:0;--awb-spacing-right-small:0;--awb-spacing-left-small:0;\"><div class=\"fusion-column-wrapper fusion-column-has-shadow fusion-flex-justify-content-flex-start fusion-content-layout-column\"><div class=\"fusion-image-element \" style=\"--awb-aspect-ratio:1 \/ 1;--awb-object-position:46% 43%;--awb-caption-title-font-family:var(--h2_typography-font-family);--awb-caption-title-font-weight:var(--h2_typography-font-weight);--awb-caption-title-font-style:var(--h2_typography-font-style);--awb-caption-title-size:var(--h2_typography-font-size);--awb-caption-title-transform:var(--h2_typography-text-transform);--awb-caption-title-line-height:var(--h2_typography-line-height);--awb-caption-title-letter-spacing:var(--h2_typography-letter-spacing);\"><span class=\" fusion-imageframe imageframe-none imageframe-1 hover-type-none has-aspect-ratio\"><img decoding=\"async\" width=\"1024\" height=\"1024\" title=\"IMG_3629\" src=\"https:\/\/karinecottin.com\/wp-content\/uploads\/2023\/09\/IMG_3629-rotated.jpg\" data-orig-src=\"https:\/\/karinecottin.com\/wp-content\/uploads\/2023\/09\/IMG_3629-1024x1024.jpg\" class=\"lazyload img-responsive wp-image-322 img-with-aspect-ratio\" alt srcset=\"data:image\/svg+xml,%3Csvg%20xmlns%3D%27http%3A%2F%2Fwww.w3.org%2F2000%2Fsvg%27%20width%3D%272448%27%20height%3D%272448%27%20viewBox%3D%270%200%202448%202448%27%3E%3Crect%20width%3D%272448%27%20height%3D%272448%27%20fill-opacity%3D%220%22%2F%3E%3C%2Fsvg%3E\" data-srcset=\"https:\/\/karinecottin.com\/wp-content\/uploads\/2023\/09\/IMG_3629-200x200.jpg 200w, https:\/\/karinecottin.com\/wp-content\/uploads\/2023\/09\/IMG_3629-400x400.jpg 400w, https:\/\/karinecottin.com\/wp-content\/uploads\/2023\/09\/IMG_3629-600x600.jpg 600w, https:\/\/karinecottin.com\/wp-content\/uploads\/2023\/09\/IMG_3629-800x800.jpg 800w, https:\/\/karinecottin.com\/wp-content\/uploads\/2023\/09\/IMG_3629-1200x1200.jpg 1200w\" data-sizes=\"auto\" data-orig-sizes=\"(max-width: 800px) 100vw, (max-width: 640px) 100vw, 400px\" \/><\/span><\/div><\/div><\/div><div class=\"fusion-layout-column fusion_builder_column fusion-builder-column-2 fusion-flex-column\" style=\"--awb-padding-left:20px;--awb-bg-size:cover;--awb-width-large:44.44%;--awb-margin-top-large:0px;--awb-spacing-right-large:0;--awb-margin-bottom-large:20px;--awb-spacing-left-large:0;--awb-width-medium:100%;--awb-order-medium:0;--awb-spacing-right-medium:0;--awb-spacing-left-medium:0;--awb-width-small:100%;--awb-order-small:0;--awb-spacing-right-small:0;--awb-spacing-left-small:0;\"><div class=\"fusion-column-wrapper fusion-column-has-shadow fusion-flex-justify-content-center fusion-content-layout-column\"><div class=\"fusion-text fusion-text-2\" style=\"--awb-font-size:13px;--awb-text-color:var(--awb-color3);--awb-margin-right:20px;--awb-margin-left:20px;--awb-text-font-family:&quot;gelica&quot;;--awb-text-font-style:normal;--awb-text-font-weight:400;\"><p style=\"color: var(--awb-color4); font-size: 16px;\" data-fusion-font=\"true\"><strong>ECOSYSTEME &amp; ETAT DES LIEUX : OU ET AVEC QUI?<\/strong><\/p>\n<p>Identifier avec vous et vos \u00e9quipes quels sont vos <b><i><span style=\"color: var(--awb-color4);\">parties prenantes<\/span><\/i><\/b> et analyser vos relations<\/p>\n<p>&gt; r\u00e9alisation d\u2019entretiens internes et externes<\/p>\n<p>&gt; cartographie des parties prenantes<\/p>\n<p>Se questionner et <b><i><span style=\"color: var(--awb-color4);\">\u00e9valuer l\u2019impact<\/span><\/i><\/b> de votre activit\u00e9 sur la soci\u00e9t\u00e9 : impacts positifs et n\u00e9gatifs, directs et indirects, environnementaux et sociaux.<\/p>\n<p>Analyser les points de force et de faiblesses, les opportunit\u00e9s et les menaces<\/p>\n<p>&gt; draft de matrice de mat\u00e9rialit\u00e9<\/p>\n<\/div><\/div><\/div><\/div><\/div><div class=\"fusion-fullwidth fullwidth-box fusion-builder-row-3 fusion-flex-container has-pattern-background has-mask-background hundred-percent-fullwidth non-hundred-percent-height-scrolling\" style=\"--awb-border-radius-top-left:0px;--awb-border-radius-top-right:0px;--awb-border-radius-bottom-right:0px;--awb-border-radius-bottom-left:0px;--awb-flex-wrap:wrap;\" ><div class=\"fusion-builder-row fusion-row fusion-flex-align-items-flex-start fusion-flex-justify-content-center fusion-flex-content-wrap\" style=\"width:calc( 100% + 0px ) !important;max-width:calc( 100% + 0px ) !important;margin-left: calc(-0px \/ 2 );margin-right: calc(-0px \/ 2 );\"><div class=\"fusion-layout-column fusion_builder_column fusion-builder-column-3 fusion-flex-column\" style=\"--awb-bg-size:cover;--awb-width-large:22.22%;--awb-margin-top-large:0px;--awb-spacing-right-large:0;--awb-margin-bottom-large:20px;--awb-spacing-left-large:0;--awb-width-medium:100%;--awb-order-medium:0;--awb-spacing-right-medium:0;--awb-spacing-left-medium:0;--awb-width-small:100%;--awb-order-small:0;--awb-spacing-right-small:0;--awb-spacing-left-small:0;\"><div class=\"fusion-column-wrapper fusion-column-has-shadow fusion-flex-justify-content-flex-start fusion-content-layout-column\"><div class=\"fusion-image-element \" style=\"--awb-aspect-ratio:1 \/ 1;--awb-object-position:35% 90%;--awb-caption-title-font-family:var(--h2_typography-font-family);--awb-caption-title-font-weight:var(--h2_typography-font-weight);--awb-caption-title-font-style:var(--h2_typography-font-style);--awb-caption-title-size:var(--h2_typography-font-size);--awb-caption-title-transform:var(--h2_typography-text-transform);--awb-caption-title-line-height:var(--h2_typography-line-height);--awb-caption-title-letter-spacing:var(--h2_typography-letter-spacing);\"><span class=\" fusion-imageframe imageframe-none imageframe-2 hover-type-none has-aspect-ratio\"><img decoding=\"async\" width=\"750\" height=\"1024\" title=\"IMG_6509\" src=\"data:image\/svg+xml,%3Csvg%20xmlns%3D%27http%3A%2F%2Fwww.w3.org%2F2000%2Fsvg%27%20width%3D%271046%27%20height%3D%271447%27%20viewBox%3D%270%200%201046%201447%27%3E%3Crect%20width%3D%271046%27%20height%3D%271447%27%20fill-opacity%3D%220%22%2F%3E%3C%2Fsvg%3E\" data-orig-src=\"https:\/\/karinecottin.com\/wp-content\/uploads\/2023\/09\/IMG_6509-750x1024.jpg\" class=\"lazyload img-responsive wp-image-329 img-with-aspect-ratio\" alt \/><\/span><\/div><\/div><\/div><div class=\"fusion-layout-column fusion_builder_column fusion-builder-column-4 fusion-flex-column\" style=\"--awb-padding-left:20px;--awb-bg-size:cover;--awb-width-large:44.44%;--awb-margin-top-large:0px;--awb-spacing-right-large:0;--awb-margin-bottom-large:20px;--awb-spacing-left-large:0;--awb-width-medium:100%;--awb-order-medium:0;--awb-spacing-right-medium:0;--awb-spacing-left-medium:0;--awb-width-small:100%;--awb-order-small:0;--awb-spacing-right-small:0;--awb-spacing-left-small:0;\"><div class=\"fusion-column-wrapper fusion-column-has-shadow fusion-flex-justify-content-center fusion-content-layout-column\"><div class=\"fusion-text fusion-text-3\" style=\"--awb-font-size:15px;--awb-line-height:1.3;--awb-text-color:var(--awb-color3);--awb-margin-right:20px;--awb-margin-left:20px;--awb-text-font-family:&quot;gelica&quot;;--awb-text-font-style:normal;--awb-text-font-weight:400;\"><p style=\"color: var(--awb-color4); font-size: 16px;\" data-fusion-font=\"true\"><strong>VISION : QUELLE DIRECTION?<\/strong><\/p>\n<p>Utiliser la <b><i><span style=\"color: var(--awb-color4);\">prospective<\/span><\/i><\/b> comme un outil de mise en mouvement pour mettre l\u2019organisation en capacit\u00e9 de relever les d\u00e9fis du si\u00e8cle et en mouvement vers ses futurs souhaitables.<\/p>\n<p>Aligner les enjeux strat\u00e9giques business et ESG<\/p>\n<p>Passer de la raison d\u2019\u00eatre \u00e0 la raison d\u2019agir<\/p>\n<p>&gt; identification des insights<\/p>\n<p>&gt; identification des tendances structurantes et des zones d\u2019opportunit\u00e9s pour votre business : type d\u2019innovations, partenaires potentiels<\/p>\n<p>&gt; co-\u00e9criture de la vision et de la boussole strat\u00e9gique des impacts.<\/p>\n<\/div><\/div><\/div><\/div><\/div><div class=\"fusion-fullwidth fullwidth-box fusion-builder-row-4 fusion-flex-container has-pattern-background has-mask-background hundred-percent-fullwidth non-hundred-percent-height-scrolling\" style=\"--awb-border-radius-top-left:0px;--awb-border-radius-top-right:0px;--awb-border-radius-bottom-right:0px;--awb-border-radius-bottom-left:0px;--awb-flex-wrap:wrap;\" ><div class=\"fusion-builder-row fusion-row fusion-flex-align-items-flex-start fusion-flex-justify-content-center fusion-flex-content-wrap\" style=\"width:calc( 100% + 0px ) !important;max-width:calc( 100% + 0px ) !important;margin-left: calc(-0px \/ 2 );margin-right: calc(-0px \/ 2 );\"><div class=\"fusion-layout-column fusion_builder_column fusion-builder-column-5 fusion-flex-column\" style=\"--awb-bg-size:cover;--awb-width-large:22.22%;--awb-margin-top-large:0px;--awb-spacing-right-large:0;--awb-margin-bottom-large:20px;--awb-spacing-left-large:0;--awb-width-medium:100%;--awb-order-medium:0;--awb-spacing-right-medium:0;--awb-spacing-left-medium:0;--awb-width-small:100%;--awb-order-small:0;--awb-spacing-right-small:0;--awb-spacing-left-small:0;\"><div class=\"fusion-column-wrapper fusion-column-has-shadow fusion-flex-justify-content-flex-start fusion-content-layout-column\"><div class=\"fusion-image-element \" style=\"--awb-aspect-ratio:1 \/ 1;--awb-object-position:39% 56%;--awb-caption-title-font-family:var(--h2_typography-font-family);--awb-caption-title-font-weight:var(--h2_typography-font-weight);--awb-caption-title-font-style:var(--h2_typography-font-style);--awb-caption-title-size:var(--h2_typography-font-size);--awb-caption-title-transform:var(--h2_typography-text-transform);--awb-caption-title-line-height:var(--h2_typography-line-height);--awb-caption-title-letter-spacing:var(--h2_typography-letter-spacing);\"><span class=\" fusion-imageframe imageframe-none imageframe-3 hover-type-none has-aspect-ratio\"><img decoding=\"async\" width=\"1004\" height=\"1024\" title=\"IMG_3306\" src=\"https:\/\/karinecottin.com\/wp-content\/uploads\/2023\/09\/IMG_3306-scaled.jpeg\" data-orig-src=\"https:\/\/karinecottin.com\/wp-content\/uploads\/2023\/09\/IMG_3306-1004x1024.jpeg\" class=\"lazyload img-responsive wp-image-319 img-with-aspect-ratio\" alt srcset=\"data:image\/svg+xml,%3Csvg%20xmlns%3D%27http%3A%2F%2Fwww.w3.org%2F2000%2Fsvg%27%20width%3D%272510%27%20height%3D%272560%27%20viewBox%3D%270%200%202510%202560%27%3E%3Crect%20width%3D%272510%27%20height%3D%272560%27%20fill-opacity%3D%220%22%2F%3E%3C%2Fsvg%3E\" data-srcset=\"https:\/\/karinecottin.com\/wp-content\/uploads\/2023\/09\/IMG_3306-200x204.jpeg 200w, https:\/\/karinecottin.com\/wp-content\/uploads\/2023\/09\/IMG_3306-400x408.jpeg 400w, https:\/\/karinecottin.com\/wp-content\/uploads\/2023\/09\/IMG_3306-600x612.jpeg 600w, https:\/\/karinecottin.com\/wp-content\/uploads\/2023\/09\/IMG_3306-800x816.jpeg 800w, https:\/\/karinecottin.com\/wp-content\/uploads\/2023\/09\/IMG_3306-1200x1224.jpeg 1200w\" data-sizes=\"auto\" data-orig-sizes=\"(max-width: 800px) 100vw, (max-width: 640px) 100vw, 400px\" \/><\/span><\/div><\/div><\/div><div class=\"fusion-layout-column fusion_builder_column fusion-builder-column-6 fusion-flex-column\" style=\"--awb-padding-left:20px;--awb-bg-size:cover;--awb-width-large:44.44%;--awb-margin-top-large:0px;--awb-spacing-right-large:0;--awb-margin-bottom-large:20px;--awb-spacing-left-large:0;--awb-width-medium:100%;--awb-order-medium:0;--awb-spacing-right-medium:0;--awb-spacing-left-medium:0;--awb-width-small:100%;--awb-order-small:0;--awb-spacing-right-small:0;--awb-spacing-left-small:0;\"><div class=\"fusion-column-wrapper fusion-column-has-shadow fusion-flex-justify-content-center fusion-content-layout-column\"><div class=\"fusion-text fusion-text-4\" style=\"--awb-font-size:15px;--awb-line-height:1.3;--awb-text-color:var(--awb-color3);--awb-margin-right:20px;--awb-margin-left:20px;--awb-text-font-family:&quot;gelica&quot;;--awb-text-font-style:normal;--awb-text-font-weight:400;\"><p style=\"color: var(--awb-color4); font-size: 16px;\" data-fusion-font=\"true\"><strong>FEUILLE DE ROUTE STRATEGIQUE : QUELLES PRIORITES?<\/strong><\/p>\n<p><b><i><span style=\"color: var(--awb-color4);\">Aligner et engager<\/span><\/i><\/b> les \u00e9quipes autour de la vision et de la boussole strat\u00e9gique (travail d\u2019appropriation).<\/p>\n<p>Co-cr\u00e9er les feuilles de route avec les personnes ressources identifi\u00e9es.<\/p>\n<p>&gt; points de force et de faiblesses,<\/p>\n<p>&gt; chantiers \u00e0 engager et priorisation, matrice KISS.<\/p>\n<p>&gt; macro-planning<\/p>\n<\/div><\/div><\/div><\/div><\/div><\/p>\n","protected":false},"excerpt":{"rendered":"","protected":false},"author":1,"featured_media":0,"parent":0,"menu_order":0,"comment_status":"closed","ping_status":"closed","template":"100-width.php","meta":{"footnotes":""},"_links":{"self":[{"href":"https:\/\/karinecottin.com\/index.php\/wp-json\/wp\/v2\/pages\/270"}],"collection":[{"href":"https:\/\/karinecottin.com\/index.php\/wp-json\/wp\/v2\/pages"}],"about":[{"href":"https:\/\/karinecottin.com\/index.php\/wp-json\/wp\/v2\/types\/page"}],"author":[{"embeddable":true,"href":"https:\/\/karinecottin.com\/index.php\/wp-json\/wp\/v2\/users\/1"}],"replies":[{"embeddable":true,"href":"https:\/\/karinecottin.com\/index.php\/wp-json\/wp\/v2\/comments?post=270"}],"version-history":[{"count":9,"href":"https:\/\/karinecottin.com\/index.php\/wp-json\/wp\/v2\/pages\/270\/revisions"}],"predecessor-version":[{"id":437,"href":"https:\/\/karinecottin.com\/index.php\/wp-json\/wp\/v2\/pages\/270\/revisions\/437"}],"wp:attachment":[{"href":"https:\/\/karinecottin.com\/index.php\/wp-json\/wp\/v2\/media?parent=270"}],"curies":[{"name":"wp","href":"https:\/\/api.w.org\/{rel}","templated":true}]}}