{"id":271,"date":"2023-09-10T10:42:00","date_gmt":"2023-09-10T08:42:00","guid":{"rendered":"https:\/\/karinecottin.com\/?page_id=271"},"modified":"2023-09-19T22:13:01","modified_gmt":"2023-09-19T20:13:01","slug":"offer_partez","status":"publish","type":"page","link":"https:\/\/karinecottin.com\/index.php\/offer_partez\/","title":{"rendered":"Offer_partez"},"content":{"rendered":"<p><div class=\"fusion-fullwidth fullwidth-box fusion-builder-row-1 fusion-flex-container has-pattern-background has-mask-background hundred-percent-fullwidth non-hundred-percent-height-scrolling\" style=\"--awb-border-radius-top-left:0px;--awb-border-radius-top-right:0px;--awb-border-radius-bottom-right:0px;--awb-border-radius-bottom-left:0px;--awb-flex-wrap:wrap;\" ><div class=\"fusion-builder-row fusion-row fusion-flex-align-items-flex-start fusion-flex-justify-content-center fusion-flex-content-wrap\" style=\"width:104% !important;max-width:104% !important;margin-left: calc(-4% \/ 2 );margin-right: calc(-4% \/ 2 );\"><div class=\"fusion-layout-column fusion_builder_column fusion-builder-column-0 fusion_builder_column_2_3 2_3 fusion-flex-column\" style=\"--awb-bg-size:cover;--awb-width-large:66.666666666667%;--awb-margin-top-large:0px;--awb-spacing-right-large:2.88%;--awb-margin-bottom-large:20px;--awb-spacing-left-large:2.88%;--awb-width-medium:100%;--awb-order-medium:0;--awb-spacing-right-medium:1.92%;--awb-spacing-left-medium:1.92%;--awb-width-small:100%;--awb-order-small:0;--awb-spacing-right-small:1.92%;--awb-spacing-left-small:1.92%;\"><div class=\"fusion-column-wrapper fusion-column-has-shadow fusion-flex-justify-content-flex-start fusion-content-layout-column\"><div class=\"fusion-text fusion-text-1 fusion-animated fusion-text-no-margin\" style=\"--awb-font-size:30px;--awb-text-color:var(--awb-color3);--awb-margin-top:60px;--awb-margin-bottom:30px;--awb-margin-left:10px;--awb-text-font-family:&quot;omnes-semicond&quot;;--awb-text-font-style:normal;--awb-text-font-weight:700;\" data-animationType=\"fadeInLeft\" data-animationDuration=\"0.6\" data-animationOffset=\"top-into-view\"><p>PARTEZ! \u2026<span class=\"Apple-converted-space\">&nbsp; <\/span>LA MISE EN MOUVEMENT<\/p>\n<\/div><\/div><\/div><\/div><\/div><div class=\"fusion-fullwidth fullwidth-box fusion-builder-row-2 fusion-flex-container has-pattern-background has-mask-background hundred-percent-fullwidth non-hundred-percent-height-scrolling\" style=\"--awb-border-radius-top-left:0px;--awb-border-radius-top-right:0px;--awb-border-radius-bottom-right:0px;--awb-border-radius-bottom-left:0px;--awb-flex-wrap:wrap;\" ><div class=\"fusion-builder-row fusion-row fusion-flex-align-items-flex-start fusion-flex-justify-content-center fusion-flex-content-wrap\" style=\"width:calc( 100% + 0px ) !important;max-width:calc( 100% + 0px ) !important;margin-left: calc(-0px \/ 2 );margin-right: calc(-0px \/ 2 );\"><div class=\"fusion-layout-column fusion_builder_column fusion-builder-column-1 fusion-flex-column fusion-flex-align-self-flex-start\" style=\"--awb-bg-size:cover;--awb-width-large:22.22%;--awb-margin-top-large:0px;--awb-spacing-right-large:0;--awb-margin-bottom-large:20px;--awb-spacing-left-large:0;--awb-width-medium:100%;--awb-order-medium:0;--awb-spacing-right-medium:0;--awb-spacing-left-medium:0;--awb-width-small:100%;--awb-order-small:0;--awb-spacing-right-small:0;--awb-spacing-left-small:0;\"><div class=\"fusion-column-wrapper fusion-column-has-shadow fusion-flex-justify-content-center fusion-content-layout-column\"><div class=\"fusion-image-element \" style=\"--awb-aspect-ratio:1 \/ 1;--awb-object-position:28% 10%;--awb-caption-title-font-family:var(--h2_typography-font-family);--awb-caption-title-font-weight:var(--h2_typography-font-weight);--awb-caption-title-font-style:var(--h2_typography-font-style);--awb-caption-title-size:var(--h2_typography-font-size);--awb-caption-title-transform:var(--h2_typography-text-transform);--awb-caption-title-line-height:var(--h2_typography-line-height);--awb-caption-title-letter-spacing:var(--h2_typography-letter-spacing);\"><span class=\" fusion-imageframe imageframe-none imageframe-1 hover-type-none has-aspect-ratio\"><img decoding=\"async\" width=\"1024\" height=\"768\" title=\"IMG_6055\" src=\"https:\/\/karinecottin.com\/wp-content\/uploads\/2023\/09\/IMG_6055-scaled.jpg\" data-orig-src=\"https:\/\/karinecottin.com\/wp-content\/uploads\/2023\/09\/IMG_6055-1024x768.jpg\" class=\"lazyload img-responsive wp-image-326 img-with-aspect-ratio\" alt srcset=\"data:image\/svg+xml,%3Csvg%20xmlns%3D%27http%3A%2F%2Fwww.w3.org%2F2000%2Fsvg%27%20width%3D%272560%27%20height%3D%271920%27%20viewBox%3D%270%200%202560%201920%27%3E%3Crect%20width%3D%272560%27%20height%3D%271920%27%20fill-opacity%3D%220%22%2F%3E%3C%2Fsvg%3E\" data-srcset=\"https:\/\/karinecottin.com\/wp-content\/uploads\/2023\/09\/IMG_6055-200x150.jpg 200w, https:\/\/karinecottin.com\/wp-content\/uploads\/2023\/09\/IMG_6055-400x300.jpg 400w, https:\/\/karinecottin.com\/wp-content\/uploads\/2023\/09\/IMG_6055-600x450.jpg 600w, https:\/\/karinecottin.com\/wp-content\/uploads\/2023\/09\/IMG_6055-800x600.jpg 800w, https:\/\/karinecottin.com\/wp-content\/uploads\/2023\/09\/IMG_6055-1200x900.jpg 1200w\" data-sizes=\"auto\" data-orig-sizes=\"(max-width: 800px) 100vw, (max-width: 640px) 100vw, 400px\" \/><\/span><\/div><\/div><\/div><div class=\"fusion-layout-column fusion_builder_column fusion-builder-column-2 fusion-flex-column\" style=\"--awb-bg-size:cover;--awb-width-large:44.44%;--awb-margin-top-large:0px;--awb-spacing-right-large:0;--awb-margin-bottom-large:20px;--awb-spacing-left-large:0;--awb-width-medium:100%;--awb-order-medium:0;--awb-spacing-right-medium:0;--awb-spacing-left-medium:0;--awb-width-small:100%;--awb-order-small:0;--awb-spacing-right-small:0;--awb-spacing-left-small:0;\"><div class=\"fusion-column-wrapper fusion-column-has-shadow fusion-flex-justify-content-center fusion-content-layout-column\"><div class=\"fusion-text fusion-text-2\" style=\"--awb-font-size:16px;--awb-text-color:var(--awb-color4);--awb-margin-left:20px;--awb-text-font-family:&quot;gelica&quot;;--awb-text-font-style:normal;--awb-text-font-weight:700;\"><p>INNOVATION EN CONSCIENCE : QUOI?<\/p>\n<\/div><div class=\"fusion-text fusion-text-3\" style=\"--awb-font-size:15px;--awb-line-height:1.3;--awb-text-color:var(--awb-color3);--awb-margin-left:20px;--awb-text-font-family:&quot;gelica&quot;;--awb-text-font-style:normal;--awb-text-font-weight:400;\"><p><span style=\"text-align: var(--awb-content-alignment);\">Sur un ou plusieurs axes de d\u00e9cision strat\u00e9giques, partir en cr\u00e9ativit\u00e9 avec les personnes ressources s\u00e9lectionn\u00e9es.<\/span><\/p>\n<p>&gt; pr\u00e9paration et pr\u00e9sentation d\u2019un temps d\u2019inspiration\/nourriture\/ouverture cibl\u00e9 sur les sujets choisis,<\/p>\n<p>&gt; ateliers de co-cr\u00e9ation avec remise d\u2019un cahier d\u2019id\u00e9es.<\/p>\n<p>&gt; vote pour hi\u00e9rarchisation des id\u00e9es \u00e0 poursuivre<\/p>\n<p><span>&gt; r\u00e9daction plus pr\u00e9cise de la ou des<\/span> proposition(s) de valeur retenue(s).<\/p>\n<p>&gt; restitution post atelier.<\/p>\n<\/div><\/div><\/div><\/div><\/div><div class=\"fusion-fullwidth fullwidth-box fusion-builder-row-3 fusion-flex-container has-pattern-background has-mask-background hundred-percent-fullwidth non-hundred-percent-height-scrolling\" style=\"--awb-border-radius-top-left:0px;--awb-border-radius-top-right:0px;--awb-border-radius-bottom-right:0px;--awb-border-radius-bottom-left:0px;--awb-flex-wrap:wrap;\" ><div class=\"fusion-builder-row fusion-row fusion-flex-align-items-flex-start fusion-flex-justify-content-center fusion-flex-content-wrap\" style=\"width:calc( 100% + 0px ) !important;max-width:calc( 100% + 0px ) !important;margin-left: calc(-0px \/ 2 );margin-right: calc(-0px \/ 2 );\"><div class=\"fusion-layout-column fusion_builder_column fusion-builder-column-3 fusion-flex-column fusion-flex-align-self-flex-start\" style=\"--awb-bg-size:cover;--awb-width-large:22.22%;--awb-margin-top-large:0px;--awb-spacing-right-large:0;--awb-margin-bottom-large:20px;--awb-spacing-left-large:0;--awb-width-medium:100%;--awb-order-medium:0;--awb-spacing-right-medium:0;--awb-spacing-left-medium:0;--awb-width-small:100%;--awb-order-small:0;--awb-spacing-right-small:0;--awb-spacing-left-small:0;\"><div class=\"fusion-column-wrapper fusion-column-has-shadow fusion-flex-justify-content-center fusion-content-layout-column\"><div class=\"fusion-image-element \" style=\"--awb-aspect-ratio:1 \/ 1;--awb-object-position:44% 48%;--awb-caption-title-font-family:var(--h2_typography-font-family);--awb-caption-title-font-weight:var(--h2_typography-font-weight);--awb-caption-title-font-style:var(--h2_typography-font-style);--awb-caption-title-size:var(--h2_typography-font-size);--awb-caption-title-transform:var(--h2_typography-text-transform);--awb-caption-title-line-height:var(--h2_typography-line-height);--awb-caption-title-letter-spacing:var(--h2_typography-letter-spacing);\"><span class=\" fusion-imageframe imageframe-none imageframe-2 hover-type-none has-aspect-ratio\"><img decoding=\"async\" width=\"1024\" height=\"544\" title=\"IMG_3006\" src=\"https:\/\/karinecottin.com\/wp-content\/uploads\/2023\/09\/IMG_3006-scaled.jpg\" data-orig-src=\"https:\/\/karinecottin.com\/wp-content\/uploads\/2023\/09\/IMG_3006-1024x544.jpg\" class=\"lazyload img-responsive wp-image-318 img-with-aspect-ratio\" alt srcset=\"data:image\/svg+xml,%3Csvg%20xmlns%3D%27http%3A%2F%2Fwww.w3.org%2F2000%2Fsvg%27%20width%3D%272560%27%20height%3D%271361%27%20viewBox%3D%270%200%202560%201361%27%3E%3Crect%20width%3D%272560%27%20height%3D%271361%27%20fill-opacity%3D%220%22%2F%3E%3C%2Fsvg%3E\" data-srcset=\"https:\/\/karinecottin.com\/wp-content\/uploads\/2023\/09\/IMG_3006-200x106.jpg 200w, https:\/\/karinecottin.com\/wp-content\/uploads\/2023\/09\/IMG_3006-400x213.jpg 400w, https:\/\/karinecottin.com\/wp-content\/uploads\/2023\/09\/IMG_3006-600x319.jpg 600w, https:\/\/karinecottin.com\/wp-content\/uploads\/2023\/09\/IMG_3006-800x425.jpg 800w, https:\/\/karinecottin.com\/wp-content\/uploads\/2023\/09\/IMG_3006-1200x638.jpg 1200w\" data-sizes=\"auto\" data-orig-sizes=\"(max-width: 800px) 100vw, (max-width: 640px) 100vw, 400px\" \/><\/span><\/div><\/div><\/div><div class=\"fusion-layout-column fusion_builder_column fusion-builder-column-4 fusion-flex-column\" style=\"--awb-bg-size:cover;--awb-width-large:44.44%;--awb-margin-top-large:0px;--awb-spacing-right-large:0;--awb-margin-bottom-large:20px;--awb-spacing-left-large:0;--awb-width-medium:100%;--awb-order-medium:0;--awb-spacing-right-medium:0;--awb-spacing-left-medium:0;--awb-width-small:100%;--awb-order-small:0;--awb-spacing-right-small:0;--awb-spacing-left-small:0;\"><div class=\"fusion-column-wrapper fusion-column-has-shadow fusion-flex-justify-content-center fusion-content-layout-column\"><div class=\"fusion-text fusion-text-4\" style=\"--awb-font-size:16px;--awb-text-color:var(--awb-color4);--awb-margin-left:20px;--awb-text-font-family:&quot;gelica&quot;;--awb-text-font-style:normal;--awb-text-font-weight:700;\"><p>PLAN D\u2019ACTION : COMMENT?<\/p>\n<\/div><div class=\"fusion-text fusion-text-5\" style=\"--awb-font-size:15px;--awb-line-height:1.3;--awb-text-color:var(--awb-color3);--awb-margin-left:20px;--awb-text-font-family:&quot;gelica&quot;;--awb-text-font-style:normal;--awb-text-font-weight:400;\"><p><span style=\"color: var(--awb-color3); font-family: var(--awb-text-font-family); font-size: var(--awb-font-size); font-style: var(--awb-text-font-style); letter-spacing: var(--awb-letter-spacing); text-align: var(--awb-content-alignment); text-transform: var(--awb-text-transform); background-color: var(--awb-bg-color);\">Partager le travail de synth\u00e8se des \u00e9tapes pr\u00e9c\u00e9dentes et animer un atelier de r\u00e9daction du plan d\u2019action. Engager dans l\u2019action, responsabiliser toute la cha\u00eene d\u2019ex\u00e9cution.<\/span><\/p>\n<p style=\"color: var(--awb-color3);\">&gt; plan d\u2019action avec timeline associ\u00e9e et qui fait quoi,<\/p>\n<p style=\"color: var(--awb-color3);\">&gt; d\u00e9finition d\u2019indicateurs d\u2019impact<\/p>\n<p style=\"color: var(--awb-color3);\">&gt; si n\u00e9cessaire, accompagnement marketing sur le repositionnement, la transformation du portfolio\/segmentation, les leviers \u00e0 actionner, le pitch de la marque et\/ou du produit (pr\u00e9voir une mission sp\u00e9cifique en compl\u00e9ment).<\/p>\n<\/div><\/div><\/div><\/div><\/div><div class=\"fusion-fullwidth fullwidth-box fusion-builder-row-4 fusion-flex-container has-pattern-background has-mask-background hundred-percent-fullwidth non-hundred-percent-height-scrolling\" style=\"--awb-border-radius-top-left:0px;--awb-border-radius-top-right:0px;--awb-border-radius-bottom-right:0px;--awb-border-radius-bottom-left:0px;--awb-flex-wrap:wrap;\" ><div class=\"fusion-builder-row fusion-row fusion-flex-align-items-flex-start fusion-flex-justify-content-center fusion-flex-content-wrap\" style=\"width:calc( 100% + 0px ) !important;max-width:calc( 100% + 0px ) !important;margin-left: calc(-0px \/ 2 );margin-right: calc(-0px \/ 2 );\"><div class=\"fusion-layout-column fusion_builder_column fusion-builder-column-5 fusion-flex-column fusion-flex-align-self-flex-start\" style=\"--awb-bg-size:cover;--awb-width-large:22.22%;--awb-margin-top-large:0px;--awb-spacing-right-large:0;--awb-margin-bottom-large:20px;--awb-spacing-left-large:0;--awb-width-medium:100%;--awb-order-medium:0;--awb-spacing-right-medium:0;--awb-spacing-left-medium:0;--awb-width-small:100%;--awb-order-small:0;--awb-spacing-right-small:0;--awb-spacing-left-small:0;\"><div class=\"fusion-column-wrapper fusion-column-has-shadow fusion-flex-justify-content-center fusion-content-layout-column\"><div class=\"fusion-image-element \" style=\"--awb-aspect-ratio:1 \/ 1;--awb-object-position:36% 76%;--awb-caption-title-font-family:var(--h2_typography-font-family);--awb-caption-title-font-weight:var(--h2_typography-font-weight);--awb-caption-title-font-style:var(--h2_typography-font-style);--awb-caption-title-size:var(--h2_typography-font-size);--awb-caption-title-transform:var(--h2_typography-text-transform);--awb-caption-title-line-height:var(--h2_typography-line-height);--awb-caption-title-letter-spacing:var(--h2_typography-letter-spacing);\"><span class=\" fusion-imageframe imageframe-none imageframe-3 hover-type-none has-aspect-ratio\"><img decoding=\"async\" width=\"1024\" height=\"492\" title=\"G1512990\" src=\"https:\/\/karinecottin.com\/wp-content\/uploads\/2023\/09\/G1512990-scaled.jpg\" data-orig-src=\"https:\/\/karinecottin.com\/wp-content\/uploads\/2023\/09\/G1512990-1024x492.jpg\" class=\"lazyload img-responsive wp-image-313 img-with-aspect-ratio\" alt srcset=\"data:image\/svg+xml,%3Csvg%20xmlns%3D%27http%3A%2F%2Fwww.w3.org%2F2000%2Fsvg%27%20width%3D%272560%27%20height%3D%271230%27%20viewBox%3D%270%200%202560%201230%27%3E%3Crect%20width%3D%272560%27%20height%3D%271230%27%20fill-opacity%3D%220%22%2F%3E%3C%2Fsvg%3E\" data-srcset=\"https:\/\/karinecottin.com\/wp-content\/uploads\/2023\/09\/G1512990-200x96.jpg 200w, https:\/\/karinecottin.com\/wp-content\/uploads\/2023\/09\/G1512990-400x192.jpg 400w, https:\/\/karinecottin.com\/wp-content\/uploads\/2023\/09\/G1512990-600x288.jpg 600w, https:\/\/karinecottin.com\/wp-content\/uploads\/2023\/09\/G1512990-800x384.jpg 800w, https:\/\/karinecottin.com\/wp-content\/uploads\/2023\/09\/G1512990-1200x576.jpg 1200w\" data-sizes=\"auto\" data-orig-sizes=\"(max-width: 800px) 100vw, (max-width: 640px) 100vw, 400px\" \/><\/span><\/div><\/div><\/div><div class=\"fusion-layout-column fusion_builder_column fusion-builder-column-6 fusion-flex-column\" style=\"--awb-bg-size:cover;--awb-width-large:44.44%;--awb-margin-top-large:0px;--awb-spacing-right-large:0;--awb-margin-bottom-large:20px;--awb-spacing-left-large:0;--awb-width-medium:100%;--awb-order-medium:0;--awb-spacing-right-medium:0;--awb-spacing-left-medium:0;--awb-width-small:100%;--awb-order-small:0;--awb-spacing-right-small:0;--awb-spacing-left-small:0;\"><div class=\"fusion-column-wrapper fusion-column-has-shadow fusion-flex-justify-content-center fusion-content-layout-column\"><div class=\"fusion-text fusion-text-6\" style=\"--awb-font-size:16px;--awb-text-color:var(--awb-color4);--awb-margin-left:20px;--awb-text-font-family:&quot;gelica&quot;;--awb-text-font-style:normal;--awb-text-font-weight:700;\"><p>EXECUTION<\/p>\n<\/div><div class=\"fusion-text fusion-text-7\" style=\"--awb-font-size:15px;--awb-line-height:1.3;--awb-text-color:var(--awb-color3);--awb-margin-left:20px;--awb-text-font-family:&quot;gelica&quot;;--awb-text-font-style:normal;--awb-text-font-weight:400;\"><p>Veiller \u00e0 ce que chacun joue son r\u00f4le dans la bonne ex\u00e9cution op\u00e9rationnelle du plan d\u2019action, \u00e0 commencer par avoir la bonne information, le bon suivi des projets. Participer, enrichir, alerter si n\u00e9cessaire.<\/p>\n<p>&gt; maintien du lien, plusieurs RV de suivi de la mise en oeuvre du plan et du respect du cap,<\/p>\n<p>&gt; analyse de l\u2019impact selon les indicateurs d\u00e9finis en amont.<\/p>\n<\/div><\/div><\/div><\/div><\/div><\/p>\n","protected":false},"excerpt":{"rendered":"","protected":false},"author":1,"featured_media":0,"parent":0,"menu_order":0,"comment_status":"closed","ping_status":"closed","template":"100-width.php","meta":{"footnotes":""},"_links":{"self":[{"href":"https:\/\/karinecottin.com\/index.php\/wp-json\/wp\/v2\/pages\/271"}],"collection":[{"href":"https:\/\/karinecottin.com\/index.php\/wp-json\/wp\/v2\/pages"}],"about":[{"href":"https:\/\/karinecottin.com\/index.php\/wp-json\/wp\/v2\/types\/page"}],"author":[{"embeddable":true,"href":"https:\/\/karinecottin.com\/index.php\/wp-json\/wp\/v2\/users\/1"}],"replies":[{"embeddable":true,"href":"https:\/\/karinecottin.com\/index.php\/wp-json\/wp\/v2\/comments?post=271"}],"version-history":[{"count":9,"href":"https:\/\/karinecottin.com\/index.php\/wp-json\/wp\/v2\/pages\/271\/revisions"}],"predecessor-version":[{"id":438,"href":"https:\/\/karinecottin.com\/index.php\/wp-json\/wp\/v2\/pages\/271\/revisions\/438"}],"wp:attachment":[{"href":"https:\/\/karinecottin.com\/index.php\/wp-json\/wp\/v2\/media?parent=271"}],"curies":[{"name":"wp","href":"https:\/\/api.w.org\/{rel}","templated":true}]}}